?
True
Is 1111290 a multiple of 170?
True
Does 18 divide 169686?
True
Does 14 divide 1569064?
True
Is 96 a factor of 144864?
True
Does 2 divide 272880?
True
Is 6947160 a multiple of 22?
True
Is 6 a factor of 560658?
True
Is 92 a factor of 39468?
True
Is 15 a factor of 460635?
True
Is 154 a factor of 188532?
False
Does 10 divide 1549520?
True
Is 878478 a multiple of 64?
False
Does 28 divide 59803?
False
Does 40 divide 8683745?
False
Does 782 divide 2105144?
True
Is 180 a factor of 2309760?
True
Does 1249 divide 1530083?
False
Does 44 divide 77044?
True
Is 134 a factor of 309674?
True
Does 99 divide 6158493?
True
Is 51 a factor of 20604?
True
Is 8 a factor of 90982?
False
Does 294 divide 3353070?
True
Does 29 divide 11656840?
True
Is 11 a factor of 6534057?
False
Does 117 divide 892011?
False
Is 1300351 a multiple of 13?
True
Is 189 a factor of 485163?
True
Is 36 a factor of 161773?
False
Is 41 a factor of 146821?
True
Is 354820 a multiple of 314?
True
Does 60 divide 143460?
True
Is 67 a factor of 2982873?
False
Is 18404329 a multiple of 1547?
False
Is 870 a factor of 356700?
True
Is 118 a factor of 4409163?
False
Does 72 divide 245215?
False
Is 2873187 a multiple of 267?
True
Does 331 divide 7105683?
False
Is 2117646 a multiple of 142?
True
Does 13 divide 78421?
False
Is 23 a factor of 23966?
True
Is 93193 a multiple of 41?
True
Is 9 a factor of 686322?
True
Does 1045 divide 2870615?
True
Does 1202 divide 3467459?
False
Does 16 divide 747584?
True
Does 444 divide 172272?
True
Is 8 a factor of 302009?
False
Is 2 a factor of 10013?
False
Does 18 divide 22212?
True
Is 157 a factor of 4799019?
True
Does 433 divide 794988?
True
Is 33 a factor of 144520?
False
Is 4 a factor of 11548?
True
Is 97 a factor of 1305?
False
Does 650 divide 4349800?
True
Does 275 divide 719290?
False
Is 40742 a multiple of 13?
True
Is 11 a factor of 428285?
True
Is 34 a factor of 518908?
True
Does 17 divide 514641?
True
Does 79 divide 474208?
False
Does 12 divide 1284367?
False
Is 147 a factor of 1122933?
True
Is 25 a factor of 202725?
True
Is 46639 a multiple of 67?
False
Is 41 a factor of 1749195?
False
Is 95612 a multiple of 82?
True
Is 891480 a multiple of 184?
True
Is 244952 a multiple of 5?
False
Is 855 a factor of 2178565?
False
Is 95648 a multiple of 16?
True
Is 691086 a multiple of 222?
True
Is 997277 a multiple of 83?
False
Is 30 a factor of 25609?
False
Is 3778434 a multiple of 99?
True
Is 6409464 a multiple of 174?
True
Does 105 divide 455903?
False
Is 244874 a multiple of 25?
False
Is 4460616 a multiple of 856?
True
Does 60 divide 78480?
True
Is 8612212 a multiple of 989?
True
Is 1211868 a multiple of 441?
True
Is 587007 a multiple of 9?
True
Is 12 a factor of 3669384?
True
Is 360 a factor of 5051880?
True
Is 205 a factor of 3807947?
False
Is 4 a factor of 99735?
False
Is 3 a factor of 24429?
True
Does 497 divide 418971?
True
Is 1097248 a multiple of 17?
True
Does 69 divide 31898?
False
Does 31 divide 233492?
True
Is 19 a factor of 145597?
True
Is 352625 a multiple of 160?
False
Is 88 a factor of 24200?
True
Is 15524 a multiple of 21?
False
Is 97 a factor of 16708291?
False
Is 5411966 a multiple of 1099?
False
Is 32 a factor of 4101056?
True
Is 2331876 a multiple of 13?
False
Does 24 divide 73800?
True
Is 428279 a multiple of 142?
False
Is 33096 a multiple of 17?
False
Is 2 a factor of 89884?
True
Does 110 divide 57642?
False
Does 26 divide 10394696?
True
Is 1451 a factor of 11727845?
False
Is 127 a factor of 161671?
True
Does 32 divide 61546?
False
Is 18 a factor of 1280592?
True
Is 3048668 a multiple of 28?
True
Is 16 a factor of 543680?
True
Does 103 divide 1443659?
False
Is 65076 a multiple of 187?
True
Is 459 a factor of 177021?
False
Is 23 a factor of 3975044?
True
Is 62 a factor of 296360?
True
Does 16 divide 157216?
True
Does 122 divide 2932856?
False
Is 157 a factor of 2639798?
True
Is 2114238 a multiple of 426?
True
Is 9 a factor of 8889?
False
Is 51 a factor of 1894956?
True
Does 118 divide 1534354?
True
Is 9834267 a multiple of 111?
True
Does 15 divide 660018?
False
Is 6626956 a multiple of 196?
True
Does 76 divide 841852?
True
Is 1746288 a multiple of 201?
True
Is 46 a factor of 22788078?
True
Is 32 a factor of 1277826?
False
Is 5 a factor of 545785?
True
Is 79991 a multiple of 30?
False
Does 959 divide 1528646?
True
Is 500916 a multiple of 228?
True
Is 8 a factor of 441944?
True
Does 1211 divide 5649077?
False
Does 13 divide 5459636?
True
Is 3551616 a multiple of 144?
True
Is 336 a factor of 7243967?
False
Is 9217895 a multiple of 451?
False
Is 1713361 even?
False
Is 3552854 a multiple of 10?
False
Does 241 divide 559374?
False
Does 68 divide 138008?
False
Is 287 a factor of 566731?
False
Is 3301650 a multiple of 319?
True
Is 13 a factor of 775285?
False
Does 234 divide 1437868?
False
Is 7 a factor of 816491?
False
Is 1170589 a multiple of 80?
False
Is 235184 a multiple of 42?
False
Is 9 a factor of 36999?
True
Is 9 a factor of 1176318?
True
Is 153 a factor of 434979?
True
Is 5022225 a multiple of 153?
True
Is 20 a factor of 141300?
True
Does 30 divide 285120?
True
Is 136 a factor of 586138?
False
Does 87 divide 444043?
False
Does 21 divide 18159771?
True
Is 2175656 a multiple of 47?
False
Is 80 a factor of 181520?
True
Is 291031 a multiple of 4?
False
Is 140420 a multiple of 295?
True
Is 4757348 a multiple of 17?
True
Does 5 divide 63771?
False
Is 37 a factor of 224183?
True
Is 103 a factor of 1368355?
True
Does 25 divide 3610126?
False
Does 710 divide 802300?
True
Is 562950 a multiple of 90?
True
Is 4421544 a multiple of 24?
True
Does 36 divide 297432?
True
Does 208 divide 166981?
False
Is 8573818 a multiple of 121?
True
Is 309 a factor of 201204?
False
Is 153 a factor of 5423513?
False
Is 213 a factor of 15906738?
False
Is 220746 a multiple of 6?
True
Is 1818193 a multiple of 315?
False
Is 290 a factor of 296035?
False
Is 5333598 a multiple of 1791?
True
Does 579 divide 5756418?
True
Does 198 divide 1935108?
False
Does 37 divide 825914?
True
Is 1236 a factor of 9762190?
False
Is 279052 even?
True
Does 255 divide 5238155?
False
Does 27 divide 4183596?
True
Is 450089 a multiple of 556?
False
Is 16 a factor of 132336?
True
Is 166630 a multiple of 24?
False
Is 58112 a multiple of 34?
False
Is 17 a factor of 6786?
False
Does 19 divide 277248?
True
Is 30869141 a multiple of 18?
False
Is 10 a factor of 419445?
False
Is 59 a factor of 1855686?
False
Does 206 divide 113484?
False
Is 525454 a multiple of 16?
False
Does 176 divide 3625433?
False
Is 52160 a multiple of 3?
False
Does 27 divide 183222?
True
Is 23 a factor of 82156?
True
Does 76 divide 20399692?
True
Is 23 a factor of 1719994?
False
Does 131 divide 6006874?
True
Does 359 divide 562774?
False
Is 240112 a multiple of 16?
True
Does 1060 divide 7133800?
True
Is 106151 a multiple of 10?
False
Is 631 a factor of 480822?
True
Does 183 divide 1019502?
False
Is 235532 a multiple of 1111?
True
Does 5 divide 270938?
False
Does 37 divide 304196?
False
Does 6 divide 782449?
False
Is 24 a factor of 302544?
True
Is 1950 a factor of 20000903?
False
Does 17 divide 10353239?
False
Is 3156390 a multiple of 765?
True
Does 15 divide 21966?
False
Does 73 divide 7415486?
True
Is 14605089 a multiple of 131?
False
Is 2948 a multiple of 44?
True
Is 8 a factor of 11385?
False
Does 18 divide 450648?
True
Is 297 a factor of 3984552?
True
Is 15 a factor of 119730?
True
Does 57 divide 346959?
True
Does 954 divide 953939?
False
Is 7 a factor of 3700349?
False
Is 40 a factor of 2490980?
False
Is 11735367 a multiple of 163?
False
Does 533 divide 282786?
False
Does 11 divide 974699?
True
Is 5 a factor of 32737?
False
Does 293 divide 961919?
True
Does 824 divide 1491440?
True
Does 170 divide 938570?
True
Is 273048 a multiple of 248?
True
Is 335160 a multiple of 152?
True
Is 317913 a multiple of 36?
False
Is 23 a factor of 98053?
False
Is 1047 a factor of 3545868?
False
Does 35 divide 175394?
False
Is 38 a factor of 4870612?
True
Is 3238637 a multiple of 23?
False
Is 1604226 a multiple of 786?
True
Is 41691 a multiple of 4?
False
Is 74 a factor of 33374?
True
Is 375951 a multiple of 37?
False
Does 16 divide 4739072?
True
Is 197730 a multiple of 507?
True
Is 50 a factor of 2442726?
False
Does 6 divide 334664?
False
Does 77 d